*l + 5*q + 1, 2*l = -4*q + 56. Suppose 56 = 4*u - l. What is the greatest common factor of p and u?
19
Suppose -p + 6 = p. Let d be ((-1)/2)/(-2 + 2044/1024). Suppose -5*u - 13*n + 17*n + d = 0, 0 = -2*u - 5*n + 38. What is the greatest common factor of p and u?
3
Suppose n - 1310 = -i + 1457, -2*i - 12 = 0. Calculate the highest common factor of 94 and n.
47
Suppose -120*q - 17 = -257. What is the greatest common factor of q and 606?
2
Suppose -628*z + 619*z = -765. Let u(a) = 17*a**2 + a - 1. Let p(x) = -2*x - 3. Let s be p(-2). Let c be u(s). What is the highest common factor of c and z?
17
Let g be (1 - (-1 - (-20)/15))*15. Let q(s) = s**3 - 11*s**2 + 15*s - 38. Let b be q(g). What is the greatest common factor of 84 and b?
12
Let u = -84 - -127. Suppose -3*n = -127 + u. Calculate the highest common divisor of n and 2.
2
Let v = -102823 - -174463. What is the highest common divisor of v and 360?
360
Let t(j) = j**3 - 11*j**2 - 15*j + 42. Let s be t(12). Let x be (2 - 3)/(s - (-511)/(-84)). Calculate the greatest common factor of 27 and x.
3
Let f(q) = 2*q + 11. Suppose -5 = -6*s + 19. Let z be f(s). Let w(y) = 3*y - 54. Let r be w(z). Calculate the highest common divisor of r and 21.
3
Let v be (1222/(-39) + 12)*-12. Suppose -4*m = -3*h - m + 246, 3*m + 72 = h. What is the highest common factor of v and h?
29
Suppose 0 = -y + 5*f + 6, -5*f = 3*y - 0 + 2. Suppose -5*g + 0*g + 115 = 0. Let t = -20 + g. Calculate the highest common factor of y and t.
1
Suppose -11*s + 26*s - 30 = 0. Suppose 3*h = 3*d + 93, s*d + 21 = h - d. Calculate the highest common factor of h and 444.
12
Let h = -281 + 281. Let u be 4 + (32 - -5) + h. What is the greatest common divisor of 41 and u?
41
Let x be 3/((-24)/(-80)) - 3. Suppose -d + 2*a = -1 - 88, -5*d - 4*a = -459. What is the highest common divisor of d and x?
7
Suppose -5*i + 14400 = 5*o, 0 = 46*o - 47*o. Calculate the greatest common divisor of 45 and i.
45
Suppose -6*z + 4*k + 336 = -2*z, 0 = z - 4*k - 93. What is the greatest common divisor of z and 2889?
27
Suppose -13*s - 161160 = 4*s. Let l be -1*8/52 + s/(-104). What is the greatest common factor of 13 and l?
13
Suppose -2*c + 1809 = -h - 365, 4*c - 4*h - 4344 = 0. Calculate the greatest common factor of c and 256.
64
Let g = -1 - 11. Let a be g*(28/(-12) + 0). Suppose 136*f + a = 137*f. Calculate the greatest common factor of f and 14.
14
Let n = 20 - 17. Let t(k) = k**2 - 5*k - 3. Let w be t(n). Let j = w - -14. Calculate the highest common divisor of j and 2.
1
Let s(a) = 4*a**3 + 5*a**2 - 6*a + 4. Let l(k) = -k**3 + k - 1. Let q(c) = 5*l(c) + s(c). Let h be q(4). Calculate the highest common factor of 44 and h.
11
Let n = -273 - -296. Let f = n + 53. Calculate the greatest common factor of 95 and f.
19
Suppose 0 = j - 4 + 1, 4*v - 4*j - 84 = 0. Let m be 108/v*26/(-3)*-7. What is the highest common factor of m and 21?
21
Let m(k) = 4*k**2 - 5*k - 22. Let o = 216 - 220. Let y be m(o). Calculate the greatest common divisor of 651 and y.
31
Let r = 8865 - 8696. What is the greatest common divisor of r and 1365?
13
Let x be (-4)/(-6) - (-348)/18. Suppose -4*h + 2*h = 3*k - 245, -4*k + 500 = 4*h. Let w = -125 + h. Calculate the greatest common divisor of x and w.
5
Let z = 55 + -5. Suppose -95 = 11*a - 1470. Calculate the greatest common divisor of z and a.
25
Let b(p) = 69*p + 10. Let a be b(4). Suppose 0 = -80*w + 77*w + 39. Calculate the highest common divisor of a and w.
13
Suppose -119 = 16*d - 87. Let h be (7 - 21)*112/d. What is the greatest common divisor of 49 and h?
49
Let u be (-2)/(-4)*0/1. Let z be 7 + (-2 - u) - -1. Let x be 3/(7/14 - 1/(-2)). Calculate the highest common divisor of z and x.
3
Let f be ((-64152)/(-1485))/(3/20). What is the highest common factor of f and 1080?
72
Let f be ((16632/49)/(-4))/(8/(-504)*18). Let p(v) = 54*v**2 - v. Let r be p(-1). Calculate the highest common factor of f and r.
11
Suppose -5*l + 357*c + 111 = 358*c, 2*l - 39 = 5*c. Calculate the greatest common factor of 162 and l.
2
Let x = 65 + -63. Suppose l = x*i + 10528, -7*i - 2*l - 21064 = -3*i. Let j be i/(-75) - (-1)/(-5). Calculate the highest common factor of j and 20.
10
Suppose -26*r - 2*r + 119626 = -2*r. Calculate the highest common factor of r and 86.
43
Let f = 17734 - 16798. What is the highest common factor of 1092 and f?
156
Let a be (-3564)/(-528) - (-5)/4. Suppose 0 = -3*y + 165 + 867. What is the greatest common factor of y and a?
8
Suppose -3*b + 896 = i, 4*i - 3584 = -18*b + 21*b. What is the greatest common divisor of 42 and i?
14
Suppose 4*q - 38 - 42 = 0. Suppose 46*x - 90 = 140. Suppose 0*z + 2*z + 3*y = -4, 5*y = -x*z. What is the highest common divisor of z and q?
4
Let d(p) = -p**3 - 6*p**2 - 4*p - 1. Let y be d(-4). Let m = 70 - y. Let f be (-35)/(-14)*1508/65. Calculate the greatest common factor of m and f.
29
Suppose 9 = -3*v + 6*v, -v - 19 = -y. Suppose -14*t + y*t = 64. What is the highest common factor of t and 20?
4
Let w be 16/12 + 1 + (-3)/9. Suppose -6 = 3*f, -4*f + 10 + 8 = w*s. Suppose s*i - 18*i + 70 = 0. What is the greatest common divisor of i and 7?
7
Let a be (-9)/(-20 + 11) - 1*-391. What is the greatest common divisor of a and 84?
28
Let q(m) = 2*m**2 + 3*m + 5. Let v be q(4). Let f = 19836 + -19829. Calculate the highest common divisor of v and f.
7
Suppose -10*x - 516 = -13*x - 3*h, x - 174 = -3*h. Calculate the greatest common divisor of x and 9.
9
Suppose -98*a = 74 - 602 - 844. Calculate the greatest common divisor of 5362 and a.
14
Suppose 8506 - 22933 = -21*o. What is the greatest common divisor of o and 6?
3
Let g be (-7)/(49/(-28)) - (-232)/2. Suppose 8*z = 3*z - 3*o + 515, 0 = z + 4*o - g. What is the greatest common divisor of 40 and z?
20
Suppose -4*r - 6 = 2*j, -6*j - 6 = -5*j + 3*r. Suppose q = -5*x + 30, 0*q - 108 = -3*q + j*x. Calculate the highest common divisor of 14 and q.
7
Suppose -3*w + 2692 = 4*o, -2*w - 2*o - 904 = -3*w. Suppose -93*g = -81*g - w. Calculate the highest common divisor of 3 and g.
3
Let m be 218 - (3/(-6 + 3))/(-1). Calculate the greatest common divisor of m and 527.
31
Let u(q) = -q**2 - q + 5. Let y be u(-2). Let m be y*-7*16/(-48). Calculate the highest common factor of 49 and m.
7
Let u(n) = 2*n**3 + 12*n**2 - 160*n - 140. Let x be u(9). Calculate the highest common divisor of 125 and x.
25
Suppose 492*i = 114012 + 163476. Calculate the greatest common factor of i and 108.
12
Let b(h) = -h**2 - 50*h - 222. Let y be b(-45). Suppose -5*v + v = 0. Let k be 3 - (v - y/((-6)/(-4))). What is the highest common divisor of 25 and k?
5
Let b(n) = 297*n - 5619. Let v be b(19). Let p be 2/10 - (-209)/5. Calculate the highest common factor of v and p.
6
Let v = 21090 + -21086. Calculate the greatest common divisor of v and 11.
1
Suppose 7*p - 608 = 15*p. Let x = -32 - p. Suppose 2*i - 181 = -5*d, d - 3 = 5*i + x. Calculate the highest common divisor of d and 407.
37
Let i = -3846 - -3848. What is the greatest common divisor of 12 and i?
2
Suppose -2*b + 70 = 2*g, 4*g + g = -4*b + 172. Let h = 153486 + -153310. What is the highest common factor of h and g?
16
Suppose 7*r + 444 = 6*f + 6*r, 5*f + 4*r = 341. Calculate the highest common factor of 1 and f.
1
Suppose 2*o - 98 + 24 = 0. Let m be -2959*2/(-20) + 24/240. Calculate the highest common factor of m and o.
37
Let v(o) = -o**3 - 83*o**2 - 157*o + 336. Let q be v(-81). Let s be -6*(-2)/(-4) - 3. Let d = s - q. Calculate the highest common factor of d and 42.
21
Let t(l) = 6*l**2 - 11*l + 8. Let n be t(8). Let v = 42330 + -42314. Calculate the highest common divisor of n and v.
16
Suppose -r + 9 = -24. Let n be (1*-1)/(2*1/(-50)). Suppose 2*v - 2*h = 20, -v - v - 3*h = -n. What is the highest common factor of v and r?
11
Let p be 76856/468 + 4/(-18). Suppose -2*q + q + p = 3*f, f + 4*q = 62. What is the highest common factor of 9 and f?
9
Suppose 0*h + 404 = -h + 414. Calculate the greatest common divisor of h and 8410.
10
Suppose 48*g - 1418 - 4150 = 0. What is the greatest common divisor of 1 and g?
1
Suppose 16*u - 26*u + 2110 = 0. Suppose -3*f + u = 31. What is the greatest common factor of 84 and f?
12
Let i(w) be the third derivative of w**5/60 + w**4/3 + 10*w**3/3 - 5*w**2 + 9*w. Let c be i(-5). Calculate the grea